 534?
2, 3, 89
List the prime factors of 24667.
17, 1451
List the prime factors of 925.
5, 37
List the prime factors of 6362.
2, 3181
What are the prime factors of 20928?
2, 3, 109
What are the prime factors of 19287?
3, 2143
What are the prime factors of 39079?
39079
What are the prime factors of 49037?
49037
What are the prime factors of 146163?
3, 83, 587
What are the prime factors of 21?
3, 7
What are the prime factors of 22422?
2, 3, 37, 101
List the prime factors of 1408.
2, 11
What are the prime factors of 1470?
2, 3, 5, 7
List the prime factors of 798.
2, 3, 7, 19
What are the prime factors of 63?
3, 7
List the prime factors of 13738.
2, 6869
List the prime factors of 9382.
2, 4691
What are the prime factors of 283?
283
List the prime factors of 438.
2, 3, 73
List the prime factors of 2581.
29, 89
What are the prime factors of 33844?
2, 8461
What are the prime factors of 1663?
1663
List the prime factors of 1189.
29, 41
List the prime factors of 59896.
2, 7487
List the prime factors of 2943.
3, 109
List the prime factors of 18066.
2, 3, 3011
List the prime factors of 106.
2, 53
What are the prime factors of 1319?
1319
List the prime factors of 1994.
2, 997
List the prime factors of 1859.
11, 13
What are the prime factors of 4354?
2, 7, 311
What are the prime factors of 41676?
2, 3, 23, 151
List the prime factors of 202.
2, 101
List the prime factors of 82.
2, 41
What are the prime factors of 8394?
2, 3, 1399
List the prime factors of 30510.
2, 3, 5, 113
What are the prime factors of 35421?
3, 11807
What are the prime factors of 15?
3, 5
What are the prime factors of 9293?
9293
List the prime factors of 8755.
5, 17, 103
List the prime factors of 1831.
1831
What are the prime factors of 28772?
2, 7193
List the prime factors of 426.
2, 3, 71
What are the prime factors of 11253?
3, 11, 31
What are the prime factors of 421?
421
List the prime factors of 8091.
3, 29, 31
List the prime factors of 3372.
2, 3, 281
What are the prime factors of 1023?
3, 11, 31
List the prime factors of 22160.
2, 5, 277
List the prime factors of 36915.
3, 5, 23, 107
List the prime factors of 32258.
2, 127
List the prime factors of 103761.
3, 7, 61
What are the prime factors of 5981?
5981
What are the prime factors of 908?
2, 227
List the prime factors of 715.
5, 11, 13
What are the prime factors of 135488?
2, 29, 73
List the prime factors of 583.
11, 53
What are the prime factors of 82192?
2, 11, 467
List the prime factors of 118707.
3, 39569
What are the prime factors of 5143?
37, 139
What are the prime factors of 27495?
3, 5, 13, 47
List the prime factors of 22864.
2, 1429
List the prime factors of 4107.
3, 37
List the prime factors of 20327.
20327
What are the prime factors of 1378?
2, 13, 53
What are the prime factors of 714?
2, 3, 7, 17
List the prime factors of 1268.
2, 317
List the prime factors of 771.
3, 257
List the prime factors of 22287.
3, 17, 19, 23
List the prime factors of 187057.
13, 14389
What are the prime factors of 9725?
5, 389
List the prime factors of 972.
2, 3
What are the prime factors of 22076?
2, 5519
What are the prime factors of 6598?
2, 3299
What are the prime factors of 409?
409
What are the prime factors of 2816?
2, 11
What are the prime factors of 10560?
2, 3, 5, 11
List the prime factors of 1867.
1867
List the prime factors of 3001.
3001
What are the prime factors of 2779?
7, 397
List the prime factors of 2560.
2, 5
List the prime factors of 13865.
5, 47, 59
What are the prime factors of 4510?
2, 5, 11, 41
What are the prime factors of 31266?
2, 3, 193
List the prime factors of 4420.
2, 5, 13, 17
What are the prime factors of 4837?
7, 691
List the prime factors of 28541.
28541
What are the prime factors of 49410?
2, 3, 5, 61
What are the prime factors of 51457?
7, 7351
What are the prime factors of 453?
3, 151
List the prime factors of 25749.
3, 2861
List the prime factors of 6472.
2, 809
List the prime factors of 5514.
2, 3, 919
List the prime factors of 1075.
5, 43
What are the prime factors of 16250?
2, 5, 13
What are the prime factors of 6702?
2, 3, 1117
List the prime factors of 26473.
23, 1151
List the prime factors of 3169.
3169
List the prime factors of 6268.
2, 1567
What are the prime factors of 14073?
3, 4691
List the prime factors of 10178.
2, 7, 727
What are the prime factors of 98?
2, 7
List the prime factors of 40341.
3, 7, 17, 113
List the prime factors of 36850.
2, 5, 11, 67
List the prime factors of 713.
23, 31
What are the prime factors of 198?
2, 3, 11
What are the prime factors of 7213?
7213
What are the prime factors of 47879?
13, 29, 127
List the prime factors of 1346.
2, 673
What are the prime factors of 28926?
2, 3, 1607
What are the prime factors of 6455?
5, 1291
What are the prime factors of 11719?
11719
What are the prime factors of 12338?
2, 31, 199
List the prime factors of 901.
17, 53
What are the prime factors of 15375?
3, 5, 41
What are the prime factors of 36679?
43, 853
What are the prime factors of 1149?
3, 383
What are the prime factors of 925?
5, 37
List the prime factors of 60989.
71, 859
What are the prime factors of 20178?
2, 3, 19, 59
What are the prime factors of 5525?
5, 13, 17
What are the prime factors of 4983?
3, 11, 151
List the prime factors of 47483.
103, 461
List the prime factors of 2770.
2, 5, 277
What are the prime factors of 2785?
5, 557
What are the prime factors of 79549?
79549
List the prime factors of 70418.
2, 137, 257
List the prime factors of 38132.
2, 9533
List the prime factors of 48428.
2, 12107
What are the prime factors of 583?
11, 53
What are the prime factors of 3548?
2, 887
What are the prime factors of 18031?
13, 19, 73
List the prime factors of 74617.
29, 31, 83
What are the prime factors of 805?
5, 7, 23
What are the prime factors of 3374?
2, 7, 241
List the prime factors of 426.
2, 3, 71
List the prime factors of 52412.
2, 13103
List the prime factors of 1308.
2, 3, 109
List the prime factors of 12268.
2, 3067
What are the prime factors of 267?
3, 89
List the prime factors of 134.
2, 67
What are the prime factors of 1276?
2, 11, 29
What are the prime factors of 49990?
2, 5, 4999
What are the prime factors of 7467?
3, 19, 131
What are the prime factors of 1521?
3, 13
What are the prime factors of 372?
2, 3, 31
List the prime factors of 1012.
2, 11, 23
List the prime factors of 61320.
2, 3, 5, 7, 73
What are the prime factors of 318?
2, 3, 53
What are the prime factors of 839?
839
What are the prime factors of 40800?
2, 3, 5, 17
What are the prime factors of 4847?
37, 131
What are the prime factors of 25574?
2, 19, 673
List the prime factors of 26854.
2, 29, 463
List the prime factors of 44027.
44027
List the prime factors of 51308.
2, 101, 127
What are the prime factors of 3784?
2, 11, 43
What are the prime factors of 4705?
5, 941
List the prime factors of 75818.
2, 167, 227
List the prime factors of 831.
3, 277
What are the prime factors of 2837?
2837
List the prime factors of 48620.
2, 5, 11, 13, 17
List the prime factors of 26931.
3, 47, 191
List the prime factors of 40292.
2, 7, 1439
List the prime factors of 160636.
2, 7, 5737
List the prime factors of 120462.
2, 3, 17, 1181
What are the prime factors of 1292?
2, 17, 19
List the prime factors of 655.
5, 131
What are the prime factors of 331?
331
List the prime factors of 560.
2, 5, 7
What are the prime factors of 37460?
2, 5, 1873
List the prime factors of 331.
331
What are the prime factors of 2275?
5, 7, 13
What are the prime factors of 2026?
2, 1013
What are the prime factors of 10554?
2, 3, 1759
List the prime factors of 43198.
2, 21599
What are the prime factors of 74605?
5, 43, 347
What are the prime factors of 478?
2, 239
List the prime factors of 71638.
2, 7, 17, 43
List the prime factors of 3252.
2, 3, 271
List the prime factors of 17191.
17191
What are the prime factors of 16872?
2, 3, 19, 37
What are the prime factors of 2902?
2, 1451
List the prime factors of 1154.
2, 577
What are the prime factors of 1261?
13, 97
List the prime factors of 1876.
2, 7, 67
What are the prime factors of 6208?
2, 97
What are the prime factors of 96323?
96323
What are the prime factors of 4743?
3, 17, 31
List the prime factors of 578.
2, 17
List the prime factors of 1606.
2, 11, 73
List the prime factors of 2